t is the remainder when 749 is divided by 38?
27
Calculate the remainder when 8763 is divided by 585.
573
What is the remainder when 7815 is divided by 2558?
141
What is the remainder when 1869 is divided by 680?
509
What is the remainder when 28425 is divided by 214?
177
What is the remainder when 10865 is divided by 151?
144
What is the remainder when 111711 is divided by 120?
111
Calculate the remainder when 35391 is divided by 316.
315
Calculate the remainder when 64235 is divided by 63.
38
What is the remainder when 11217 is divided by 158?
157
What is the remainder when 25946 is divided by 78?
50
What is the remainder when 6050 is divided by 756?
2
Calculate the remainder when 55747 is divided by 9284.
43
What is the remainder when 811 is divided by 751?
60
Calculate the remainder when 26377 is divided by 19.
5
What is the remainder when 180305 is divided by 13869?
8
Calculate the remainder when 1252 is divided by 1148.
104
Calculate the remainder when 167810 is divided by 183.
182
What is the remainder when 20899 is divided by 50?
49
What is the remainder when 1608 is divided by 306?
78
Calculate the remainder when 4521 is divided by 1447.
180
Calculate the remainder when 17378 is divided by 29.
7
Calculate the remainder when 400 is divided by 191.
18
What is the remainder when 55915 is divided by 981?
979
What is the remainder when 3591 is divided by 412?
295
What is the remainder when 265431 is divided by 96?
87
Calculate the remainder when 5899 is divided by 1178.
9
What is the remainder when 1370 is divided by 87?
65
What is the remainder when 920 is divided by 121?
73
What is the remainder when 1842 is divided by 581?
99
What is the remainder when 61796 is divided by 160?
36
Calculate the remainder when 16861 is divided by 5605.
46
Calculate the remainder when 9458 is divided by 99.
53
What is the remainder when 791822 is divided by 16?
14
What is the remainder when 8616 is divided by 39?
36
Calculate the remainder when 328346 is divided by 146.
138
What is the remainder when 14539 is divided by 32?
11
What is the remainder when 5470176 is divided by 429?
426
What is the remainder when 6003 is divided by 39?
36
Calculate the remainder when 119366 is divided by 275.
16
Calculate the remainder when 4680 is divided by 328.
88
What is the remainder when 46563 is divided by 11609?
127
Calculate the remainder when 12717 is divided by 40.
37
Calculate the remainder when 26757 is divided by 5.
2
Calculate the remainder when 804639 is divided by 1619.
1615
Calculate the remainder when 75796 is divided by 58.
48
What is the remainder when 4650 is divided by 272?
26
Calculate the remainder when 109178 is divided by 1883.
1847
Calculate the remainder when 1024474 is divided by 181.
14
What is the remainder when 10275 is divided by 2?
1
What is the remainder when 30482 is divided by 7616?
18
What is the remainder when 202486 is divided by 44?
42
Calculate the remainder when 1023 is divided by 130.
113
What is the remainder when 4088 is divided by 410?
398
Calculate the remainder when 157034 is divided by 497.
479
Calculate the remainder when 5371 is divided by 355.
46
Calculate the remainder when 24863 is divided by 96.
95
What is the remainder when 26813 is divided by 33?
17
Calculate the remainder when 263 is divided by 251.
12
Calculate the remainder when 80262 is divided by 43.
24
Calculate the remainder when 1559 is divided by 142.
139
What is the remainder when 72553 is divided by 4030?
13
Calculate the remainder when 135960 is divided by 314.
312
Calculate the remainder when 11992 is divided by 245.
232
Calculate the remainder when 11129 is divided by 117.
14
What is the remainder when 251144 is divided by 483?
467
What is the remainder when 2929 is divided by 68?
5
Calculate the remainder when 13397 is divided by 4452.
41
Calculate the remainder when 7088 is divided by 51.
50
What is the remainder when 9342 is divided by 8754?
588
What is the remainder when 4882 is divided by 843?
667
Calculate the remainder when 14617 is divided by 2069.
134
Calculate the remainder when 106264 is divided by 330.
4
Calculate the remainder when 8567 is divided by 4266.
35
What is the remainder when 148366 is divided by 21?
1
What is the remainder when 12219 is divided by 52?
51
What is the remainder when 452799 is divided by 270?
9
What is the remainder when 12479877 is divided by 179?
176
What is the remainder when 164886 is divided by 93?
90
Calculate the remainder when 2024 is divided by 1005.
14
What is the remainder when 956 is divided by 215?
96
What is the remainder when 10737 is divided by 41?
36
Calculate the remainder when 5348 is divided by 127.
14
Calculate the remainder when 8008 is divided by 2609.
181
Calculate the remainder when 641023 is divided by 185.
183
Calculate the remainder when 2787 is divided by 149.
105
What is the remainder when 3011 is divided by 7?
1
Calculate the remainder when 2162 is divided by 65.
17
What is the remainder when 216177 is divided by 15?
12
What is the remainder when 4009 is divided by 1279?
172
Calculate the remainder when 3265 is divided by 156.
145
What is the remainder when 43966 is divided by 6?
4
What is the remainder when 28503 is divided by 205?
8
Calculate the remainder when 3605 is divided by 481.
238
What is the remainder when 98379 is divided by 422?
53
What is the remainder when 1551 is divided by 132?
99
Calculate the remainder when 50269 is divided by 5012.
149
Calculate the remainder when 4067 is divided by 13.
11
What is the remainder when 10260 is divided by 2510?
220
What is the remainder when 354 is divided by 74?
58
What is the remainder when 5627 is divided by 312?
11
What is the remainder when 95083 is divided by 336?
331
What is the remainder when 73741 is divided by 159?
124
What is the remainder when 1111509 is divided by 622?
617
What is the remainder when 208609 is divided by 69534?
7
Calculate the remainder when 4454 is divided by 12.
2
What is the remainder when 1228702 is divided by 18903?
7
Calculate the remainder when 3520 is divided by 47.
42
What is the remainder when 156217 is divided by 99?
94
What is the remainder when 39647 is divided by 1101?
11
Calculate the remainder when 2157 is divided by 468.
285
Calculate the remainder when 79711 is divided by 8852.
43
What is the remainder when 66237 is divided by 80?
77
What is the remainder when 316413 is divided by 48?
45
Calculate the remainder when 519831 is divided by 14.
11
Calculate the remainder when 3758 is divided by 48.
14
Calculate the remainder when 7262 is divided by 429.
398
Calculate the remainder when 205 is divided by 23.
21
Calculate the remainder when 227060 is divided by 144.
116
Calculate the remainder when 13521 is divided by 83.
75
What is the remainder when 1418883 is divided by 1079?
1077
What is the remainder when 1016742 is divided by 5?
2
What is the remainder when 14483 is divided by 3612?
35
What is the remainder when 163378 is divided by 12?
10
What is the remainder when 14001 is divided by 632?
97
What is the remainder when 104423 is divided by 377?
371
Calculate the remainder when 14127 is divided by 112.
15
Calculate the remainder when 5424 is divided by 1017.
339
Calculate the remainder when 566320 is divided by 18.
4
What is the remainder when 30395 is divided by 1709?
1342
What is the remainder when 1775 is divided by 177?
5
Calculate the remainder when 907 is divided by 184.
171
Calculate the remainder when 4397 is divided by 1842.
713
Calculate the remainder when 268974 is divided by 11.
2
Calculate the remainder when 35065 is divided by 105.
100
Calculate the remainder when 5446 is divided by 1812.
10
Calculate the remainder when 171671 is divided by 138.
137
Calculate the remainder when 43695 is divided by 1016.
7
Calculate the remainder when 1551 is divided by 1271.
280
Calculate the remainder when 8866 is divided by 188.
30
What is the remainder when 3078 is divided by 109?
26
Calculate the remainder when 140657 is divided by 8.
1
What is the remainder when 267957 is divided by 660?
657
Calculate the remainder when 3007 is divided by 8.
7
Calculate the remainder when 2113 is divided by 1201.
912
What is the remainder when 2738 is divided by 1563?
1175
Calculate the remainder whe